me factors of a?
31
Let y = 30 - 49. Let l = -23 - y. What are the prime factors of (-206)/l - 1/(-2)?
2, 13
Let p(r) be the third derivative of -1/30*r**5 - 9*r**2 + 0 + 41/6*r**3 - 1/120*r**6 + 0*r - 1/24*r**4. What are the prime factors of p(0)?
41
Let w = -14 - -18. List the prime factors of (8/w - -44) + -2.
2, 11
Let z be ((-20)/(-15))/(2/3). Suppose 7*r - z*r = 25. Suppose 3*s + 0*s = 3*m + 6, 3*m - r*s = -16. What are the prime factors of m?
3
Suppose 1655*s + 6840 = 1661*s. List the prime factors of s.
2, 3, 5, 19
Let b(y) = 29*y**3 + 2*y**2 + y - 2. Let x be b(1). Let i be (0 - x)*(-30)/(-18). List the prime factors of 30/(-2)*160/i.
2, 3
Let i(b) = -9*b**3 + 10 - 24 - 12*b**2 + 9*b + 10*b**3 + 5*b. Let t be i(11). Suppose -3*p + 74 = -t. List the prime factors of p.
31
Let y(g) = -g**2 - 6*g + 2. Let u(r) = -2*r**2 - 13*r + 4. Let t(z) = 3*u(z) - 5*y(z). Let b be t(-10). Let k = b - -10. List the prime factors of k.
2
Let s(j) = 9*j - 19. Let y(d) = 4*d - 9. Let b(g) = -4*s(g) + 7*y(g). List the prime factors of b(-8).
7, 11
Let k = 2378 + -970. What are the prime factors of k?
2, 11
Let k(w) = 67*w + 9. Let n(a) = a + 18. Let l be n(-17). List the prime factors of k(l).
2, 19
Let t = -73 + 256. List the prime factors of 10/(10/t) - (-2)/2.
2, 23
Let c(h) = 6*h**3 + 6*h**2 - 10*h - 42. What are the prime factors of c(8)?
2, 1667
Let j = -15 + 16. Suppose 7 = 2*m + j. Suppose -4*y = 0, -2*y = -3*o + m*y + 36. What are the prime factors of o?
2, 3
Suppose -13*l + 9036 + 2612 = 0. What are the prime factors of l?
2, 7
Let f(k) = k**3 + 13*k**2 + 14*k + 27. Let b be f(-12). Let u(m) = 40*m + 3. List the prime factors of u(b).
3, 41
Let s be 3 + (-1)/((-153)/(-39) - 4). Suppose 8*a - s*a = -312. List the prime factors of a.
3, 13
Let u = 5 + 1. Let y(w) = w + 3*w - 6 + w - 3*w. List the prime factors of y(u).
2, 3
Let y(x) = x + 8. Let s be y(-7). Suppose 2*a + 37 = s. What are the prime factors of (-192)/a*6/4?
2
Suppose r + 3 = 0, 6*r - 5 = -4*c + r. Suppose c*d = 4*j + 713, 139 = d - 2*j + 3*j. Suppose -4*v + d = 25. What are the prime factors of v?
29
Suppose 11793 = -50*v + 88093. List the prime factors of v.
2, 7, 109
Suppose -6*r + 4 = -5*r. Suppose -130 = -5*o - 3*a, a = -r*o - 4*a + 91. What are the prime factors of o?
29
Suppose -4*r + 6245 = -5*d - 278, -25 = -5*d. List the prime factors of r.
1637
Suppose 5*s - 761 + 271 = 0. What are the prime factors of s?
2, 7
Let o(q) = -1. Let g(x) = 3*x - 11. Let t(c) = g(c) - 3*o(c). Let n = 526 - 519. List the prime factors of t(n).
13
Let u be (-6)/15 + 388/20 + 1. Let w = -38 - -27. Let m = w + u. List the prime factors of m.
3
Suppose 0 = 4*o - 1 - 11. Suppose -2*h - 2*l - 3*l = -55, o*l + 149 = 4*h. List the prime factors of h.
5, 7
Let y = 0 + -6. Let d = -8 - -12. What are the prime factors of ((-9)/y)/(d/8)?
3
Suppose 38*m - 2055 - 3607 = 0. List the prime factors of m.
149
Let v(u) = 14*u**3 - 5*u**2 - 24*u + 13. List the prime factors of v(6).
2713
Let g(q) = -q**2 - 8*q - 5. Let o be g(-7). Suppose o*a = -2*a + 204. Suppose -a = c - 4*c. What are the prime factors of c?
17
List the prime factors of (-888)/(-20) + 217/(-155).
43
Suppose 8 + 17 = 5*j. Suppose 0 = j*r + 3*f - 260 + 52, -r - 4*f + 28 = 0. List the prime factors of r.
2, 11
Let b = 24 + 80. Suppose 0 = 7*p - 281 - b. What are the prime factors of p?
5, 11
List the prime factors of 4/10 + (-5176)/(-10).
2, 7, 37
Suppose s - 2*t - 246 = 0, -3*s + 5*t = -770 + 28. Suppose 2*n + s = 2*i, 2*n - 406 = -5*i + 2*i. List the prime factors of i.
2, 3, 11
Let x = 705 + 39. What are the prime factors of x?
2, 3, 31
Let v(t) = 566*t + 118. List the prime factors of v(3).
2, 227
Suppose 5*u = -3*q + u + 1210, -4*u - 820 = -2*q. Suppose 17*j - 19*j + q = 0. List the prime factors of j.
7, 29
Let l = -1709 + 2777. List the prime factors of l.
2, 3, 89
Let i = -154 - -236. List the prime factors of i.
2, 41
Let l(d) = 7 + 4 + d + 5*d. Let g = 401 - 394. What are the prime factors of l(g)?
53
Let z be 2 - 0/(-2) - 1. Let s be z/4 + 195/4. Suppose -a + 4*j = -s, 0*j - 3*j = -3*a + 147. What are the prime factors of a?
7
Let z(t) = 349*t**2 + 9*t - 9. List the prime factors of z(1).
349
Suppose -2*d = 8 - 110. Let p = 89 - d. List the prime factors of p.
2, 19
Suppose 0*s + 3*s + 6 = 2*v, v = -5*s + 3. Suppose -2*q = 3*k - 159, q - 308 = -v*q - 4*k. What are the prime factors of q?
2, 3
Let i = 2303 + -1939. What are the prime factors of i?
2, 7, 13
Let z(k) = -26*k + 2. What are the prime factors of z(-10)?
2, 131
Let g(j) = 44*j**3 + j**2 + j - 2. Let w be g(1). List the prime factors of (-2)/11 + 1988/w.
3, 5
Suppose 14*u - 109565 = q - 18171, 0 = 3*u - q - 19586. List the prime factors of u.
2, 3, 17
Let q be (1/2)/(964/160 + -6). Suppose 0 = 2*o - 0*o + 24. What are the prime factors of ((-50)/q)/(2/o)?
3, 5
Let g = 5616 - 3652. What are the prime factors of g?
2, 491
Let y(a) = -737*a - 208. What are the prime factors of y(-4)?
2, 5, 137
Let x(i) = -22*i + 453. List the prime factors of x(-37).
7, 181
Let r(b) = -295*b**3 + 3*b + 3. List the prime factors of r(-1).
5, 59
Suppose -5*s = -24 + 9. Suppose 4*l + 3*x + 0*x - 24 = 0, -5*x + 29 = s*l. What are the prime factors of l?
3
Suppose 0 = p - 4, 0 = -2*m - 4*p + 4615 - 529. List the prime factors of m.
5, 11, 37
Let m(z) = -18*z + 9. Let l be m(-6). Let s be 1 + l + (12 - 12). Suppose -s = -3*v - 28. What are the prime factors of v?
2, 3, 5
Let b(a) = 2*a**2 + 2*a - 6. Let j be b(-5). Let q = 39 - j. What are the prime factors of q?
5
Let h(j) = -j**2 + 7*j + 5. Let b be h(8). Let x be b - (4 - 0 - -245). List the prime factors of (x/(-9))/((-2)/(-5)).
2, 5, 7
Let k = 3218 - 1162. What are the prime factors of k?
2, 257
Let v be (-12)/(-30) + (1557/(-15))/(-3). Let q = -5 + v. List the prime factors of q.
2, 3, 5
Let u(a) = -a**2 + 3*a - 2. Let m be u(1). Suppose m = 9*o - 3*o - 24. List the prime factors of o.
2
Suppose 0 = -6*v + 24*v - 4122. Let y = -110 + v. What are the prime factors of y?
7, 17
Suppose 14 = -3*s + 5. Let m(j) = 4*j**2 - j + 6. What are the prime factors of m(s)?
3, 5
Suppose 5*b + 2*w = 4436, -2*b - b + 2661 = w. Suppose -6*z = -b - 2. List the prime factors of z.
2, 37
Suppose 3*p - 1637 = 7771. What are the prime factors of p?
2, 7
Suppose 3*x + 1368 = 6*x. Suppose 3*i + 3*v - 288 = 0, 4*i + i - v - x = 0. What are the prime factors of i?
2, 23
Let x(f) = 2*f**2 + 5*f - 13. Let b be x(-7). Suppose 55 = 3*h - 2*s - 67, h - b = -4*s. What are the prime factors of h?
2, 3, 7
Let d be (-153)/(-45) + (-2)/5. Suppose -d*s + 12 = s. Suppose -80 = -s*n - 2*m, -4*m = n - 0*n - 20. List the prime factors of n.
2, 7
Suppose -108*v + 1196 = -104*v. List the prime factors of v.
13, 23
Let w(r) = 6*r - 46. Let o = 64 - 45. What are the prime factors of w(o)?
2, 17
Let i be 8*(-3)/(-18)*3. Suppose i*v - h = -6*h + 371, -20 = 4*h. What are the prime factors of v?
3, 11
Let a(r) be the first derivative of 15*r**2/2 - 13*r + 5. What are the prime factors of a(5)?
2, 31
Let l(r) = -r**2 - 26*r - 54. Let g = -11 + -10. List the prime factors of l(g).
3, 17
Suppose 22*c - 6565 = -2*r + 23*c, 9860 = 3*r + c. List the prime factors of r.
3, 5, 73
Suppose -9 = 5*o - 4*v, o + 4 = -2*v - 9. Let a = o - -25. What are the prime factors of a?
2, 5
Suppose 2*x + 5*m - 16 = m, 0 = 4*m - 20. Let s be (x/(2/3))/1. What are the prime factors of (-53)/(-3) - 1/s?
2, 3
Let g = 22 + -19. Suppose 5*b = -5*h, g*h + 10 = -2*h. Suppose b*v - 87 = -0*x + 3*x, 3*v = 3*x + 135. List the prime factors of v.
2, 3
Suppose -16*a = 17*a - 54813. What are the prime factors of a?
11, 151
Let b be 13/13 + (-4)/(-1). What are the prime factors of (-204)/b*20/(-6)?
2, 17
Let o(w) = -4*w - 37. Let u be o(-13). Suppose -d = -2*p + 165, u = -d - 4*d. List the prime factors of p.
3
Let p = -23 - -26. List the prime factors of (4 - (-9)/(-3) - -3) + p.
7
Let u(a) = 37 - a + 57 - 24. Let y be u(0). Suppose -7*x + y = -2*x. What are the prime factors of x?
2, 7
Suppose -35*q + 36*q = 94. Let n = 135 - q. What are the prime factors of n?
41
Suppose 0 = 3*q + 2*q - 1775. List the prime factors of q.
5, 71
Suppose -4 = b - 2*b + 2*x, -4*b - 5*x = -68. Let v = -17 + b. Let t(p) = -4*p - 6. List the prime fact